{"id":1390,"date":"2020-12-16T17:40:30","date_gmt":"2020-12-16T17:40:30","guid":{"rendered":"https:\/\/wp.mun.ca\/cismart\/?page_id=1390"},"modified":"2020-12-18T15:18:44","modified_gmt":"2020-12-18T15:18:44","slug":"call-for-eoi-enabling-mass-technologies-french-version","status":"publish","type":"page","link":"https:\/\/wp.mun.ca\/cismart\/call-for-eoi-enabling-mass-technologies-french-version\/","title":{"rendered":"Appel de d\u00e9clarations d\u2019int\u00e9r\u00eat : technologies habilitantes pour navires de surface autonomes (NSA)"},"content":{"rendered":"\n<div class=\"wp-block-file\"><a href=\"https:\/\/wp.mun.ca\/cismart\/wp-content\/uploads\/sites\/21\/2020\/12\/OCRE-2487B_EnablingMASS_CISMaRT_EOIProcess_2020_f-Dec-18.pdf\">Instructions<\/a><a href=\"https:\/\/wp.mun.ca\/cismart\/wp-content\/uploads\/sites\/21\/2020\/12\/OCRE-2487B_EnablingMASS_CISMaRT_EOIProcess_2020_f-Dec-18.pdf\" class=\"wp-block-file__button\" download>T\u00e9l\u00e9charg\u00e9<\/a><\/div>\n\n\n\n<div class=\"wp-block-file\"><a href=\"https:\/\/wp.mun.ca\/cismart\/wp-content\/uploads\/sites\/21\/2020\/12\/OCRE_2487A_EnablingMASS_CISMaRT_EOI_2020_Final_f-Dec-18-1.docx\">Formulaire de demande<\/a><a href=\"https:\/\/wp.mun.ca\/cismart\/wp-content\/uploads\/sites\/21\/2020\/12\/OCRE_2487A_EnablingMASS_CISMaRT_EOI_2020_Final_f-Dec-18-1.docx\" class=\"wp-block-file__button\" download>T\u00e9l\u00e9charg\u00e9<\/a><\/div>\n","protected":false},"excerpt":{"rendered":"","protected":false},"author":190,"featured_media":0,"parent":0,"menu_order":0,"comment_status":"closed","ping_status":"closed","template":"","meta":{"_acf_changed":false,"footnotes":""},"class_list":["post-1390","page","type-page","status-publish","hentry"],"acf":[],"_links":{"self":[{"href":"https:\/\/wp.mun.ca\/cismart\/wp-json\/wp\/v2\/pages\/1390","targetHints":{"allow":["GET"]}}],"collection":[{"href":"https:\/\/wp.mun.ca\/cismart\/wp-json\/wp\/v2\/pages"}],"about":[{"href":"https:\/\/wp.mun.ca\/cismart\/wp-json\/wp\/v2\/types\/page"}],"author":[{"embeddable":true,"href":"https:\/\/wp.mun.ca\/cismart\/wp-json\/wp\/v2\/users\/190"}],"replies":[{"embeddable":true,"href":"https:\/\/wp.mun.ca\/cismart\/wp-json\/wp\/v2\/comments?post=1390"}],"version-history":[{"count":8,"href":"https:\/\/wp.mun.ca\/cismart\/wp-json\/wp\/v2\/pages\/1390\/revisions"}],"predecessor-version":[{"id":1439,"href":"https:\/\/wp.mun.ca\/cismart\/wp-json\/wp\/v2\/pages\/1390\/revisions\/1439"}],"wp:attachment":[{"href":"https:\/\/wp.mun.ca\/cismart\/wp-json\/wp\/v2\/media?parent=1390"}],"curies":[{"name":"wp","href":"https:\/\/api.w.org\/{rel}","templated":true}]}}